 of 653698176?
6
What is the millions digit of 768234566?
8
What is the hundreds digit of 529168430?
4
What is the hundreds digit of 167612402?
4
What is the tens digit of 929234736?
3
What is the ten thousands digit of 2166731?
6
What is the ten thousands digit of 96051989?
5
What is the thousands digit of 93178687?
8
What is the units digit of 2636610747?
7
What is the hundred thousands digit of 414892160?
8
What is the thousands digit of 75404232?
4
What is the hundreds digit of 1467673580?
5
What is the tens digit of 42090457?
5
What is the hundreds digit of 82479457?
4
What is the hundred millions digit of 4283066578?
2
What is the hundred millions digit of 824486135?
8
What is the units digit of 140313603?
3
What is the ten millions digit of 356297309?
5
What is the units digit of 35650616?
6
What is the ten thousands digit of 177550916?
5
What is the tens digit of 96510674?
7
What is the hundred thousands digit of 21089693?
0
What is the tens digit of 68349234?
3
What is the units digit of 160344991?
1
What is the units digit of 348285545?
5
What is the hundreds digit of 2068387591?
5
What is the units digit of 23825335?
5
What is the thousands digit of 159525096?
5
What is the units digit of 98282839?
9
What is the tens digit of 568798934?
3
What is the ten millions digit of 101007741?
0
What is the units digit of 286513550?
0
What is the tens digit of 53040144?
4
What is the ten thousands digit of 39041148?
4
What is the billions digit of 2827023293?
2
What is the tens digit of 1080482038?
3
What is the millions digit of 436276805?
6
What is the tens digit of 4937843?
4
What is the thousands digit of 49169231?
9
What is the ten thousands digit of 167906568?
0
What is the units digit of 208041714?
4
What is the units digit of 1468558584?
4
What is the units digit of 738273866?
6
What is the tens digit of 972736883?
8
What is the hundred millions digit of 315875284?
3
What is the units digit of 59396701?
1
What is the units digit of 2608904580?
0
What is the hundred thousands digit of 38280155?
2
What is the hundreds digit of 5229943787?
7
What is the millions digit of 696520599?
6
What is the thousands digit of 97760452?
0
What is the thousands digit of 953287549?
7
What is the millions digit of 54491509?
4
What is the thousands digit of 4075623?
5
What is the hundred millions digit of 396355093?
3
What is the hundreds digit of 44668009?
0
What is the ten thousands digit of 52890962?
9
What is the billions digit of 2834229802?
2
What is the ten millions digit of 82931599?
8
What is the tens digit of 352050193?
9
What is the ten thousands digit of 24236539?
3
What is the ten millions digit of 55709243?
5
What is the ten thousands digit of 455578046?
7
What is the hundreds digit of 453572326?
3
What is the ten thousands digit of 16242009?
4
What is the thousands digit of 748261879?
1
What is the millions digit of 5280800500?
0
What is the hundred thousands digit of 1451446268?
4
What is the hundreds digit of 42369127?
1
What is the hundreds digit of 106821834?
8
What is the millions digit of 90253347?
0
What is the ten millions digit of 3535991508?
3
What is the units digit of 364139600?
0
What is the thousands digit of 327919818?
9
What is the ten millions digit of 65553025?
6
What is the hundreds digit of 18838515?
5
What is the ten thousands digit of 16890812?
9
What is the ten thousands digit of 1501480473?
8
What is the hundred millions digit of 113480546?
1
What is the billions digit of 1457140070?
1
What is the units digit of 1559564666?
6
What is the tens digit of 526362630?
3
What is the millions digit of 950402974?
0
What is the hundreds digit of 125856836?
8
What is the hundreds digit of 4967327?
3
What is the thousands digit of 14816405?
6
What is the hundred millions digit of 244340643?
2
What is the units digit of 132903759?
9
What is the ten thousands digit of 350326053?
2
What is the hundreds digit of 208512523?
5
What is the hundred thousands digit of 339141102?
1
What is the thousands digit of 247842860?
2
What is the hundred thousands digit of 239512907?
5
What is the hundred thousands digit of 53777282?
7
What is the hundred millions digit of 130434239?
1
What is the millions digit of 1645405358?
5
What is the units digit of 269718176?
6
What is the hundreds digit of 1733464600?
6
What is the hundred millions digit of 2376536416?
3
What is the tens digit of 103769008?
0
What is the hundreds digit of 7328982441?
4
What is the millions digit of 151778276?
1
What is the hundreds digit of 2578946147?
1
What is the billions digit of 1820995505?
1
What is the hundreds digit of 198956178?
1
What is the hundreds digit of 2490963196?
1
What is the ten thousands digit of 10183000?
8
What is the hundreds digit of 174681407?
4
What is the thousands digit of 83749766?
9
What is the millions digit of 563819040?
3
What is the units digit of 590089746?
6
What is the thousands digit of 444688781?
8
What is the hundred thousands digit of 1784908529?
9
What is the tens digit of 17888632?
3
What is the units digit of 25502490?
0
What is the units digit of 1405962497?
7
What is the hundred millions digit of 215728464?
2
What is the hundred millions digit of 672596793?
6
What is the tens digit of 2922502336?
3
What is the tens digit of 1530270083?
8
What is the units digit of 766242188?
8
What is the ten thousands digit of 521110538?
1
What is the thousands digit of 70068083?
8
What is the tens digit of 26079382?
8
What is the hundred millions digit of 105902576?
1
What is the hundred thousands digit of 232382259?
3
What is the ten thousands digit of 683961436?
6
What is the hundred thousands digit of 2152166007?
1
What is the millions digit of 89741883?
9
What is the units digit of 66690947?
7
What is the units digit of 554828137?
7
What is the units digit of 70493969?
9
What is the thousands digit of 37113716?
3
What is the ten thousands digit of 801797?
0
What is the thousands digit of 597335764?
5
What is the tens digit of 536972465?
6
What is the hundreds digit of 88286449?
4
What is the hundred thousands digit of 82808086?
8
What is the tens digit of 65508658?
5
What is the millions digit of 33626064?
3
What is the units digit of 1403583966?
6
What is the tens digit of 24567332?
3
What is the tens digit of 447704593?
9
What is the units digit of 56765594?
4
What is the ten thousands digit of 402244237?
4
What is the billions digit of 4759556641?
4
What is the units digit of 3839549303?
3
What is the ten thousands digit of 2593606339?
0
What is the thousands digit of 228992442?
2
What is the millions digit of 434042120?
4
What is the tens digit of 5572738299?
9
What is the millions digit of 648979085?
8
What is the ten millions digit of 104035479?
0
What is the millions digit of 21657065?
1
What is the ten millions digit of 152445587?
5
What is the ten millions digit of 30117133?
3
What is the ten thousands digit of 164213054?
1
What is the ten thousands digit of 2707049675?
4
What is the hundred thousands digit of 953362050?
3
What is the hundreds digit of 16651606?
6
What is the units digit of 9286492?
2
What is the tens digit of 207663684?
8
What is the billions digit of 1933955558?
1
What is the hundred thousands digit of 1599549960?
5
What is the units digit of 29914268?
8
What is the ten thousands digit of 415871579?
7
What is the ten thousands digit of 21886742?
8
What is the millions digit of 13401484?
3
What is the tens digit of 1345479?
7
What is the ten thousands digit of 5994015247?
1
What is the hundred thousands digit of 100238213?
2
What is the tens digit of 1304240258?
5
What is the ten thousands digit of 40721522?
2
What is the hundreds digit of 608484525?
5
What is the tens digit of 7531267?
6
What is the tens digit of 3185454635?
3
What is the hundreds digit of 45521641?
6
What is the ten thousands digit of 50014689?
1
What is the units digit of 3144656707?
7
What is the ten thousands digit of 20295567?
9
What is the ten thousands digit of 28761026?
6
What is the hundred millions digit of 1465356638?
4
What is the units digit of 138662766?
6
What is the ten thousands digit of 1646007547?
0
What is the ten millions digit of 23452261?
2
What is the units digit of 374997425?
5
What is the tens digit of 224718984?
